[INFO] fetching crate snappy_sc 0.1.2...
[INFO] checking snappy_sc-0.1.2 against master#9610dfe5a9a731ced1ea4923ecbd0c57fe367898 for beta-170-4
[INFO] extracting crate snappy_sc 0.1.2 into /workspace/builds/worker-7-tc1/source
[INFO] validating manifest of crates.io crate snappy_sc 0.1.2 on toolchain 9610dfe5a9a731ced1ea4923ecbd0c57fe367898
[INFO] running `Command { std: CARGO_HOME="/workspace/cargo-home" RUSTUP_HOME="/workspace/rustup-home" "/workspace/cargo-home/bin/cargo" "+9610dfe5a9a731ced1ea4923ecbd0c57fe367898" "metadata" "--manifest-path" "Cargo.toml" "--no-deps", kill_on_drop: false }`
[INFO] started tweaking crates.io crate snappy_sc 0.1.2
[INFO] finished tweaking crates.io crate snappy_sc 0.1.2
[INFO] tweaked toml for crates.io crate snappy_sc 0.1.2 written to /workspace/builds/worker-7-tc1/source/Cargo.toml
[INFO] running `Command { std: CARGO_HOME="/workspace/cargo-home" RUSTUP_HOME="/workspace/rustup-home" __CARGO_TEST_CHANNEL_OVERRIDE_DO_NOT_USE_THIS="nightly" "/workspace/cargo-home/bin/cargo" "+9610dfe5a9a731ced1ea4923ecbd0c57fe367898" "generate-lockfile" "--manifest-path" "Cargo.toml" "-Zno-index-update", kill_on_drop: false }`
[INFO] running `Command { std: CARGO_HOME="/workspace/cargo-home" RUSTUP_HOME="/workspace/rustup-home" "/workspace/cargo-home/bin/cargo" "+9610dfe5a9a731ced1ea4923ecbd0c57fe367898" "fetch" "--manifest-path" "Cargo.toml", kill_on_drop: false }`
[INFO] running `Command { std: "docker" "create" "-v" "/var/lib/crater-agent-workspace/builds/worker-7-tc1/target:/opt/rustwide/target:rw,Z" "-v" "/var/lib/crater-agent-workspace/builds/worker-7-tc1/source:/opt/rustwide/workdir:ro,Z" "-v" "/var/lib/crater-agent-workspace/cargo-home:/opt/rustwide/cargo-home:ro,Z" "-v" "/var/lib/crater-agent-workspace/rustup-home:/opt/rustwide/rustup-home:ro,Z" "-e" "SOURCE_DIR=/opt/rustwide/workdir" "-e" "CARGO_TARGET_DIR=/opt/rustwide/target" "-e" "CARGO_HOME=/opt/rustwide/cargo-home" "-e" "RUSTUP_HOME=/opt/rustwide/rustup-home" "-w" "/opt/rustwide/workdir" "-m" "1610612736" "--user" "0:0" "--network" "none" "ghcr.io/rust-lang/crates-build-env/linux@sha256:19e73879b68f455e41552ea35293514db52ea292d993f571636dbffedb77a1ee" "/opt/rustwide/cargo-home/bin/cargo" "+9610dfe5a9a731ced1ea4923ecbd0c57fe367898" "metadata" "--no-deps" "--format-version=1", kill_on_drop: false }`
[INFO] [stdout] 163f3e2d2aea657fecef88099563f23704a9d56807ec8da192438dd2651b2409
[INFO] running `Command { std: "docker" "start" "-a" "163f3e2d2aea657fecef88099563f23704a9d56807ec8da192438dd2651b2409", kill_on_drop: false }`
[INFO] running `Command { std: "docker" "inspect" "163f3e2d2aea657fecef88099563f23704a9d56807ec8da192438dd2651b2409", kill_on_drop: false }`
[INFO] running `Command { std: "docker" "rm" "-f" "163f3e2d2aea657fecef88099563f23704a9d56807ec8da192438dd2651b2409", kill_on_drop: false }`
[INFO] [stdout] 163f3e2d2aea657fecef88099563f23704a9d56807ec8da192438dd2651b2409
[INFO] running `Command { std: "docker" "create" "-v" "/var/lib/crater-agent-workspace/builds/worker-7-tc1/target:/opt/rustwide/target:rw,Z" "-v" "/var/lib/crater-agent-workspace/builds/worker-7-tc1/source:/opt/rustwide/workdir:ro,Z" "-v" "/var/lib/crater-agent-workspace/cargo-home:/opt/rustwide/cargo-home:ro,Z" "-v" "/var/lib/crater-agent-workspace/rustup-home:/opt/rustwide/rustup-home:ro,Z" "-e" "SOURCE_DIR=/opt/rustwide/workdir" "-e" "CARGO_TARGET_DIR=/opt/rustwide/target" "-e" "CARGO_INCREMENTAL=0" "-e" "RUST_BACKTRACE=full" "-e" "RUSTFLAGS=--cap-lints=forbid" "-e" "RUSTDOCFLAGS=--cap-lints=forbid" "-e" "CARGO_HOME=/opt/rustwide/cargo-home" "-e" "RUSTUP_HOME=/opt/rustwide/rustup-home" "-w" "/opt/rustwide/workdir" "-m" "1610612736" "--user" "0:0" "--network" "none" "ghcr.io/rust-lang/crates-build-env/linux@sha256:19e73879b68f455e41552ea35293514db52ea292d993f571636dbffedb77a1ee" "/opt/rustwide/cargo-home/bin/cargo" "+9610dfe5a9a731ced1ea4923ecbd0c57fe367898" "check" "--frozen" "--all" "--all-targets" "--message-format=json", kill_on_drop: false }`
[INFO] [stdout] ebad412b2d887fe649edc25183d36f889560633dd349b15bab7d09133ec77fee
[INFO] running `Command { std: "docker" "start" "-a" "ebad412b2d887fe649edc25183d36f889560633dd349b15bab7d09133ec77fee", kill_on_drop: false }`
[INFO] [stderr]    Compiling num-traits v0.2.15
[INFO] [stderr]    Compiling num-integer v0.1.45
[INFO] [stderr]    Compiling libc v0.2.144
[INFO] [stderr]    Compiling num-rational v0.4.1
[INFO] [stderr]     Checking num_cpus v1.15.0
[INFO] [stderr]     Checking crossbeam-channel v0.5.8
[INFO] [stderr]    Compiling miniz_oxide v0.4.4
[INFO] [stderr]     Checking color_quant v1.1.0
[INFO] [stderr]    Compiling crc32fast v1.3.2
[INFO] [stderr]     Checking adler32 v1.2.0
[INFO] [stderr]     Checking either v1.8.1
[INFO] [stderr]    Compiling num-iter v0.1.43
[INFO] [stderr]    Compiling num-rational v0.3.2
[INFO] [stderr]     Checking bytemuck v1.13.1
[INFO] [stderr]     Checking adler v1.0.2
[INFO] [stderr]     Checking weezl v0.1.7
[INFO] [stderr]     Checking rayon-core v1.11.0
[INFO] [stderr]     Checking miniz_oxide v0.3.7
[INFO] [stderr]     Checking deflate v0.8.6
[INFO] [stderr]     Checking gif v0.11.4
[INFO] [stderr]     Checking scoped_threadpool v0.1.9
[INFO] [stderr]    Compiling jobserver v0.1.26
[INFO] [stderr]     Checking rayon v1.7.0
[INFO] [stderr]    Compiling cc v1.0.79
[INFO] [stderr]     Checking png v0.16.8
[INFO] [stderr]    Compiling libwebp-sys v0.4.2
[INFO] [stderr]     Checking image v0.24.6
[INFO] [stderr]     Checking jpeg-decoder v0.1.22
[INFO] [stderr]     Checking tiff v0.6.1
[INFO] [stderr]     Checking webp v0.2.2
[INFO] [stderr]     Checking image v0.23.14
[INFO] [stderr]     Checking snappy_sc v0.1.2 (/opt/rustwide/workdir)
[INFO] [stdout] error[E0308]: mismatched types
[INFO] [stdout]   --> src/lib.rs:39:56
[INFO] [stdout]    |
[INFO] [stdout] 39 | pub fn take_screenshot(options: &ScreenshotOptions) -> Result<Vec<u8>, &'static str> {
[INFO] [stdout]    |        ---------------                                 ^^^^^^^^^^^^^^^^^^^^^^^^^^^^^ expected `Result<Vec<u8>, &str>`, found `()`
[INFO] [stdout]    |        |
[INFO] [stdout]    |        implicitly returns `()` as its body has no tail or `return` expression
[INFO] [stdout]    |
[INFO] [stdout]    = note:   expected enum `Result<Vec<u8>, &'static str>`
[INFO] [stdout]            found unit type `()`
[INFO] [stdout] 
[INFO] [stdout] 
[INFO] [stdout] error[E0308]: mismatched types
[INFO] [stdout]   --> src/lib.rs:39:56
[INFO] [stdout]    |
[INFO] [stdout] 39 | pub fn take_screenshot(options: &ScreenshotOptions) -> Result<Vec<u8>, &'static str> {
[INFO] [stdout]    |        ---------------                                 ^^^^^^^^^^^^^^^^^^^^^^^^^^^^^ expected `Result<Vec<u8>, &str>`, found `()`
[INFO] [stdout]    |        |
[INFO] [stdout]    |        implicitly returns `()` as its body has no tail or `return` expression
[INFO] [stdout]    |
[INFO] [stdout]    = note:   expected enum `Result<Vec<u8>, &'static str>`
[INFO] [stdout]            found unit type `()`
[INFO] [stdout] 
[INFO] [stdout] 
[INFO] [stdout] error[E0308]: mismatched types
[INFO] [stdout]   --> src/lib.rs:49:38
[INFO] [stdout]    |
[INFO] [stdout] 49 | pub fn get_focused_display_info() -> Option<(u32, u32, u32)> {
[INFO] [stdout]    |        ------------------------      ^^^^^^^^^^^^^^^^^^^^^^^ expected `Option<(u32, u32, u32)>`, found `()`
[INFO] [stdout]    |        |
[INFO] [stdout]    |        implicitly returns `()` as its body has no tail or `return` expression
[INFO] [stdout]    |
[INFO] [stdout]    = note:   expected enum `Option<(u32, u32, u32)>`
[INFO] [stdout]            found unit type `()`
[INFO] [stdout] 
[INFO] [stdout] 
[INFO] [stdout] error[E0308]: mismatched types
[INFO] [stdout]   --> src/lib.rs:49:38
[INFO] [stdout]    |
[INFO] [stdout] 49 | pub fn get_focused_display_info() -> Option<(u32, u32, u32)> {
[INFO] [stdout]    |        ------------------------      ^^^^^^^^^^^^^^^^^^^^^^^ expected `Option<(u32, u32, u32)>`, found `()`
[INFO] [stdout]    |        |
[INFO] [stdout]    |        implicitly returns `()` as its body has no tail or `return` expression
[INFO] [stdout]    |
[INFO] [stdout]    = note:   expected enum `Option<(u32, u32, u32)>`
[INFO] [stdout]            found unit type `()`
[INFO] [stdout] 
[INFO] [stdout] 
[INFO] [stdout] error: aborting due to 2 previous errors
[INFO] [stdout] 
[INFO] [stdout] 
[INFO] [stdout] For more information about this error, try `rustc --explain E0308`.
[INFO] [stdout] 
[INFO] [stdout] error: aborting due to 2 previous errors
[INFO] [stdout] 
[INFO] [stdout] 
[INFO] [stdout] For more information about this error, try `rustc --explain E0308`.
[INFO] [stdout] 
[INFO] [stderr] error: could not compile `snappy_sc` (lib) due to 3 previous errors
[INFO] [stderr] warning: build failed, waiting for other jobs to finish...
[INFO] [stderr] error: could not compile `snappy_sc` (lib test) due to 3 previous errors
[INFO] running `Command { std: "docker" "inspect" "ebad412b2d887fe649edc25183d36f889560633dd349b15bab7d09133ec77fee", kill_on_drop: false }`
[INFO] running `Command { std: "docker" "rm" "-f" "ebad412b2d887fe649edc25183d36f889560633dd349b15bab7d09133ec77fee", kill_on_drop: false }`
[INFO] [stdout] ebad412b2d887fe649edc25183d36f889560633dd349b15bab7d09133ec77fee
